he prime factors of n(28).
2, 3, 19
Let p(x) = 2*x**3 + 5*x**2 + 13*x - 27. Let y be p(-7). Let s = -499 - y. What are the prime factors of s?
2, 3, 5
Let v(j) = j**3 - 12*j**2 + 13*j - 21. Let u be v(11). Suppose -u - 47 = -2*r. List the prime factors of r.
2, 3
Suppose -55*v + 2508389 = 388*v - 20711013. List the prime factors of v.
2, 73, 359
Suppose -1646760 - 525956 = -91*q. What are the prime factors of q?
2, 47, 127
Suppose -14*r = -9*r. Suppose r = 2*x - 34 - 72. Suppose -2*l + 119 = -x. List the prime factors of l.
2, 43
Suppose 631 + 581 = 2*i. Let n = i + -140. List the prime factors of n.
2, 233
Suppose 6406*m - 6395*m - 28622 = 0. List the prime factors of m.
2, 1301
Suppose -3*u + 5 = -7. Suppose u*w = -0*w. Suppose w*o - 7*o = -413. What are the prime factors of o?
59
Suppose 23*p - 20972 = 21*p. Suppose -9716 = -26*t + p. What are the prime factors of t?
3, 7, 37
Let r = 13 - 41. Let f = -21 - r. Let h(u) = 22*u - 20. List the prime factors of h(f).
2, 67
Suppose -168*p + 748484 + 2285382 = -1022662. What are the prime factors of p?
2, 12073
Suppose 0 = l - 4*n - 18, 0 = 2*l + 4*n - 3*n. Suppose -l*c = 4*w - 9*w - 18, -c = 2*w. Let h(f) = 26*f**2 - f + 2. What are the prime factors of h(w)?
2, 3
Suppose -209*j - 15205 = -210*j. What are the prime factors of j?
5, 3041
Let o(j) be the third derivative of 12*j**2 + 0*j + 0 + 7/24*j**4 + 1/10*j**5 - 4/3*j**3. What are the prime factors of o(3)?
67
Suppose 6*v = 4*v - 2*v. Suppose v = -17*d - 3*d + 21080. What are the prime factors of d?
2, 17, 31
Let a(h) = 1095*h + 196. What are the prime factors of a(6)?
2, 17, 199
Suppose 4*a + k - 5*k = 3432, 5*a - 4296 = 2*k. Suppose 0 = 3*n + 4*w - a, 596 = 2*n - 4*w + w. What are the prime factors of n?
2, 73
List the prime factors of 0 + 5 - -12678*(-2)/(-3).
3, 2819
Let v be -1 + (-3)/12*-4. Let j(t) = t**2 - 2*t + 405. Let q be j(v). Suppose -5*b = -4*m + q, 2*m + 3*b - 219 = -0*m. List the prime factors of m.
3, 5, 7
Let c = 10702 + -2474. List the prime factors of c.
2, 11, 17
Let q(z) = -z**2 - 21*z - 101. Let t be q(-5). Let j = t + 247. List the prime factors of j.
2, 113
Let t = -16 + 15. Let n(h) = -509*h - 1. Let z be n(t). What are the prime factors of (-4)/14 + z/14?
2, 3
Suppose 4 = 3*j - 2. Suppose 0 = j*m + 3*m - 1770. What are the prime factors of m?
2, 3, 59
Let g(j) = 61*j - 35. Let f = -218 + 153. Let v(z) = 670*z - 385. Let y(q) = f*g(q) + 6*v(q). What are the prime factors of y(5)?
2, 3, 5
Let y = 10660 - -11192. What are the prime factors of y?
2, 3, 607
Let n(k) = k**2 + 23*k - 76. Let m be n(-26). List the prime factors of ((-1313)/26)/(m/((-132)/3)).
11, 101
Suppose -5113 + 24913 = 10*n. Suppose -4*z + n = 4*x, 5*x - 26*z - 2451 = -25*z. What are the prime factors of x?
491
Let r(n) = -n**3 - 2*n**2 + 6*n - 12. Let j be r(-4). What are the prime factors of (-2021)/j - (-8)/(-96)*3?
5, 101
Suppose 101873 + 24016 = 3*h + 3*y, h - 5*y = 41915. What are the prime factors of h?
3, 5, 2797
Let g = -7530 + 14962. List the prime factors of g.
2, 929
Suppose -h - g = -592, -g = h - 5*g - 577. Suppose -3*w - 2*f - 259 = 0, 2*f - h = 5*w - 136. Let a = w + 222. List the prime factors of a.
7, 19
Let m(j) = 11*j**2 + 3*j + 18. Let f be (-106)/(-14) + 0 - 76/133. What are the prime factors of m(f)?
2, 17
Suppose 2*v - 3*f - 454 - 241 = 0, -5*v + 3*f + 1715 = 0. Let b = 122 + v. What are the prime factors of b?
2, 3, 7, 11
Let w(a) = a**3 + 7*a**2 - 7*a - 26. Let j be w(-8). Let t = j + 37. Suppose 0 = t*m - 5*m + 454. What are the prime factors of m?
227
Suppose -27*i = 20*i + 23*i - 1455090. What are the prime factors of i?
3, 13, 41
Let u = -68 - -2172. What are the prime factors of u?
2, 263
Suppose -5*s = -4*s - 5. Suppose -y + s*y = -12. Let u(h) = -2*h**3 - 2*h**2 - 5*h + 3. List the prime factors of u(y).
2, 3
Suppose 13*z + 17*z - 527709 = 137061. List the prime factors of z.
22159
Let z = 1168 - 317. Let q = -593 + z. What are the prime factors of q?
2, 3, 43
Let y = -69626 + 97760. What are the prime factors of y?
2, 3, 521
Let n = 165 + -163. Suppose x - 2 = 0, 5*y - 937 = n*y + 4*x. What are the prime factors of y?
3, 5, 7
Let p(t) = -267*t - 1190. What are the prime factors of p(-24)?
2, 2609
Suppose d - 23 = -3*m, -4*d = 5*m - 35 - 1. Let j(u) be the first derivative of -u**3/3 + 11*u**2/2 - 2*u - 5. List the prime factors of j(m).
2, 11
Let l(d) = -99*d + 21. Suppose g + y - 6 = 0, 3*y = 4*g - y - 48. Let p(s) = 25*s - 5. Let u(o) = g*p(o) + 2*l(o). List the prime factors of u(3).
2, 3, 13
Let l(a) = -a**3 + 40*a**2 - 65*a + 234. List the prime factors of l(36).
2, 3, 19
Suppose -3*v - 30757 - 11606 = -n, -n - 4*v = -42363. What are the prime factors of n?
3, 523
Let o be 10*(32/20)/4. Let r = o + -79. Let f = r + 145. List the prime factors of f.
2, 5, 7
What are the prime factors of 452140/320 + (-2)/(-32)?
3, 157
Let m(i) = -i**2 - 11*i + 2. Let v be m(-11). Let j = 14 + 30. Suppose 6*h - j = 2*h - 4*r, -v*h + 42 = -2*r. What are the prime factors of h?
2
Let z(c) = 11*c**2 + 2*c - 1. Let u be z(2). Suppose -7*w - 23 = -58. Suppose 1213 = w*m + j, -5*m + j = -u - 1170. List the prime factors of m.
3
Let p be ((-16)/40 + (-6)/10)/1. What are the prime factors of (p - 11)/(-3) - -310?
2, 157
List the prime factors of (-6)/27 - (-6356188)/531.
2, 3, 5, 7, 19
Let z(b) = -4*b**2 + 476*b + 5. What are the prime factors of z(12)?
53, 97
Suppose -50*t - 45428 = -w - 49*t, -2*t = -16. What are the prime factors of w?
2, 37, 307
Let z(f) = 274*f - 951. What are the prime factors of z(12)?
3, 19, 41
What are the prime factors of -40*(-62)/4960 - 2/(8/(-28682))?
71, 101
Let x(b) = -444*b + 2567. What are the prime factors of x(-24)?
7, 1889
Suppose -11*v - 9 = -12*v. Let a be 16/(-72) + 1982/v. Suppose i = 4*i - y - a, 2*y - 10 = 0. What are the prime factors of i?
3, 5
Let x = -4561 + 13173. List the prime factors of x.
2, 2153
Let i(y) = y**2 + 20*y + 28. Let n be i(-20). Suppose -5*l + 4*j + 12 = 0, 2*j = 5*l + 6*j - n. List the prime factors of l.
2
Suppose 5*q - 48 = -q. Suppose -4*w + 6*s - 9*s = -4, -w + s = -q. Suppose 4*a = -5*p + 389, 0*p - w*a + 235 = 3*p. What are the prime factors of p?
7, 11
Suppose 43*a + 3420 = 22*a + 13479. What are the prime factors of a?
479
Suppose -46252 = 2*m - 6*m + u, 0 = -3*u - 12. List the prime factors of m.
2, 3, 41, 47
Let g(m) = 302*m**2 + 6*m + 25. Let b be g(-2). Suppose 4*v + c = 1618, 9*c - 12*c - b = -3*v. What are the prime factors of v?
3, 5
Let w(a) = a**3 + 2*a**2 + 3*a + 2. Let d be w(-8). Let i = d - -898. Suppose 12*q = -0*q + i. List the prime factors of q.
41
Let k(p) = 6*p**3 + 16*p**2 + 17*p + 6. Let v be k(-11). Let a be (-3)/(42/(-4)) + v/(-21). What are the prime factors of a/13 - (-14)/91?
23
What are the prime factors of (170/20)/(-6*(-3)/32184)?
2, 3, 17, 149
What are the prime factors of (-1 - -6017) + 3 - (-1179)/131?
2, 11, 137
Suppose 3*s + 5*j - 4*j + 29 = 0, -4*s = -j + 34. List the prime factors of (s + 17)*(2 - -59).
2, 61
Suppose 2*q - 3*l - 459 = 0, -2*l = 5*q - 1162 + 43. Let d = 14 + q. What are the prime factors of d?
239
Let s = 199 + 1682. List the prime factors of s.
3, 11, 19
List the prime factors of 7874602/184 - (-6)/72*3.
42797
Suppose 3660 = 2*w - 2*u - 4*u, -5*u - 5482 = -3*w. What are the prime factors of w?
2, 3, 19
Let z be (201/(-2))/((-9)/24) - 4. Suppose -268*w + 1204 = -z*w. List the prime factors of w.
7, 43
Let j be 15/6*(3 - 1). Suppose -2*n - j = -2*l + 21, -3*l + 50 = -4*n. List the prime factors of n/2*(-6 + 2).
2, 11
Let a = -257 - -239. List the prime factors of (804 - -3)/(a/(-12)).
2, 269
Let n(c) = -c**3 - 16*c**2 - 36*c + 393. List the prime factors of n(-31).
2, 3, 1327
Let u(f) = 4*f**2 + 30*f - 146. Let x be u(21). Suppose 46*d = 38*d + x. What are the prime factors of d?
281
What are the prime factors of (-15 + 11)*(9 + 753256/(-32))?
94121
Let s = -7 - -5. Let b be s*2/4*-8. Let k = 14 + b. What are the prime factors of k?
2, 11
Suppose 3*m + 292406 - 57104 = 5*o, 3*o - 141188 = -5*m. List the prime factors of o.
3, 7, 83
Let a be 0 - (-5)/(-10)*-70. Suppose 51 - a = 4*y. List the prime factors of (336/(-40))/(y/(-50)).
3, 5, 7
Let d = 10 - -49. Let q be 3*249/9 - 6. Let y = q + d. What are the prime fa